 are the prime factors of 264224?
2, 23, 359
List the prime factors of 5842514.
2, 29, 100733
What are the prime factors of 5946110?
2, 5, 31, 19181
What are the prime factors of 1293701?
1293701
What are the prime factors of 1796352?
2, 3, 2339
List the prime factors of 78205.
5, 15641
List the prime factors of 39176208.
2, 3, 197, 1381
List the prime factors of 9549.
3, 1061
List the prime factors of 32764.
2, 8191
List the prime factors of 1973845.
5, 59, 6691
List the prime factors of 615359.
563, 1093
List the prime factors of 5798535.
3, 5, 386569
List the prime factors of 2010829.
887, 2267
List the prime factors of 133636.
2, 33409
List the prime factors of 301211.
301211
What are the prime factors of 158724?
2, 3, 4409
List the prime factors of 2236709.
2236709
What are the prime factors of 2054974?
2, 1027487
List the prime factors of 560274.
2, 3, 11, 13, 653
What are the prime factors of 796025?
5, 17, 1873
What are the prime factors of 1709746?
2, 167, 5119
List the prime factors of 2096434.
2, 1048217
What are the prime factors of 2252020?
2, 5, 112601
What are the prime factors of 356060?
2, 5, 19, 937
List the prime factors of 47896.
2, 5987
List the prime factors of 3129116.
2, 389, 2011
What are the prime factors of 1226502?
2, 3, 67, 113
What are the prime factors of 3359372?
2, 47, 107, 167
What are the prime factors of 289973?
289973
List the prime factors of 305772.
2, 3, 83, 307
What are the prime factors of 1022920?
2, 5, 107, 239
What are the prime factors of 1232653?
17, 31, 2339
List the prime factors of 47553.
3, 11, 131
List the prime factors of 1004261.
73, 13757
What are the prime factors of 4806529?
7, 13, 17, 239
List the prime factors of 1824092.
2, 456023
List the prime factors of 3678048.
2, 3, 11, 43
What are the prime factors of 14767847?
37, 399131
List the prime factors of 1491384.
2, 3, 62141
What are the prime factors of 12849167?
1487, 8641
What are the prime factors of 1657267?
37, 47, 953
What are the prime factors of 4586716?
2, 1146679
List the prime factors of 62384.
2, 7, 557
List the prime factors of 2838145.
5, 587, 967
What are the prime factors of 12468245?
5, 179, 13931
What are the prime factors of 6204667?
7, 886381
List the prime factors of 67791.
3, 59, 383
List the prime factors of 299654.
2, 149827
List the prime factors of 331481.
211, 1571
List the prime factors of 8151559.
13, 53, 11831
List the prime factors of 196932.
2, 3, 16411
What are the prime factors of 7007518?
2, 7, 271, 1847
What are the prime factors of 316649?
316649
List the prime factors of 4039505.
5, 807901
What are the prime factors of 25841121?
3, 19, 23, 857
List the prime factors of 515682.
2, 3, 28649
List the prime factors of 2193139.
13, 73, 2311
List the prime factors of 2666784.
2, 3, 27779
What are the prime factors of 349772?
2, 87443
What are the prime factors of 169292?
2, 42323
List the prime factors of 15196381.
37, 61, 6733
What are the prime factors of 4483844?
2, 1120961
What are the prime factors of 3193108?
2, 139, 5743
What are the prime factors of 307027?
7, 23, 1907
What are the prime factors of 798685?
5, 159737
What are the prime factors of 390921?
3, 130307
List the prime factors of 121830.
2, 3, 5, 31, 131
What are the prime factors of 4155020?
2, 5, 103, 2017
What are the prime factors of 156484?
2, 19, 29, 71
What are the prime factors of 1007202?
2, 3, 7, 23981
What are the prime factors of 785515?
5, 157103
List the prime factors of 5262927.
3, 1754309
List the prime factors of 2173411.
2173411
List the prime factors of 1511805.
3, 5, 100787
List the prime factors of 2802.
2, 3, 467
List the prime factors of 426412.
2, 7, 97, 157
What are the prime factors of 859850?
2, 5, 29, 593
List the prime factors of 197190.
2, 3, 5, 7, 313
What are the prime factors of 13960831?
269, 51899
List the prime factors of 1898536.
2, 43, 5519
List the prime factors of 1620690.
2, 3, 5, 89, 607
What are the prime factors of 5280427?
5280427
What are the prime factors of 24154?
2, 13, 929
What are the prime factors of 668088?
2, 3, 1031
List the prime factors of 62242.
2, 31121
What are the prime factors of 154594?
2, 11, 7027
What are the prime factors of 1942728?
2, 3, 61, 1327
What are the prime factors of 344372?
2, 7, 251
What are the prime factors of 1880662?
2, 7, 134333
List the prime factors of 19308776.
2, 23, 101, 1039
List the prime factors of 801017.
7, 41, 2791
List the prime factors of 1931265.
3, 5, 7, 6131
List the prime factors of 22400308.
2, 7, 800011
What are the prime factors of 6383908?
2, 17, 269, 349
What are the prime factors of 624788?
2, 109, 1433
List the prime factors of 2256334.
2, 37, 30491
What are the prime factors of 276135?
3, 5, 41, 449
List the prime factors of 187130.
2, 5, 18713
What are the prime factors of 3973776?
2, 3, 82787
What are the prime factors of 10595745?
3, 5, 78487
What are the prime factors of 4406313?
3, 211, 6961
List the prime factors of 458192.
2, 7, 4091
What are the prime factors of 25029836?
2, 13, 481343
List the prime factors of 2164506.
2, 3, 71, 5081
What are the prime factors of 3269106?
2, 3, 60539
List the prime factors of 1195096.
2, 7, 21341
What are the prime factors of 6011966?
2, 3005983
What are the prime factors of 6745396?
2, 7, 17, 37, 383
What are the prime factors of 371672?
2, 7, 6637
List the prime factors of 430750.
2, 5, 1723
List the prime factors of 993627.
3, 29, 47
List the prime factors of 517314.
2, 3, 7, 109, 113
What are the prime factors of 23415?
3, 5, 7, 223
What are the prime factors of 35803947?
3, 41, 291089
List the prime factors of 190819.
173, 1103
List the prime factors of 513353.
513353
List the prime factors of 501389.
7, 41, 1747
What are the prime factors of 12330149?
13, 89, 10657
What are the prime factors of 2244636?
2, 3, 62351
What are the prime factors of 594028?
2, 97, 1531
List the prime factors of 311512.
2, 23, 1693
What are the prime factors of 3260024?
2, 407503
What are the prime factors of 5893733?
5893733
List the prime factors of 174270.
2, 3, 5, 37, 157
List the prime factors of 6355433.
7, 17, 53407
List the prime factors of 6384975.
3, 5, 85133
List the prime factors of 26468647.
26468647
What are the prime factors of 32293948?
2, 17, 474911
List the prime factors of 381851.
383, 997
List the prime factors of 11549203.
11549203
List the prime factors of 1798332.
2, 3, 149861
List the prime factors of 2849337.
3, 29, 1213
What are the prime factors of 232518?
2, 3, 11, 13, 271
What are the prime factors of 1604359?
1604359
What are the prime factors of 416785?
5, 83357
List the prime factors of 98905.
5, 131, 151
List the prime factors of 145513.
145513
What are the prime factors of 4989375?
3, 5, 887
List the prime factors of 31543116.
2, 3, 11, 19, 12577
List the prime factors of 692183.
107, 6469
List the prime factors of 9515514.
2, 3, 23, 53, 1301
List the prime factors of 356333.
356333
What are the prime factors of 2379449?
2379449
List the prime factors of 507922.
2, 229, 1109
List the prime factors of 18917569.
11, 23, 3251
What are the prime factors of 52142?
2, 29, 31
What are the prime factors of 72218?
2, 36109
What are the prime factors of 2224456?
2, 13, 73, 293
What are the prime factors of 1663105?
5, 487, 683
List the prime factors of 211582.
2, 7, 17, 127
What are the prime factors of 1012771?
1012771
List the prime factors of 3356671.
331, 10141
List the prime factors of 17007540.
2, 3, 5, 11, 73, 353
What are the prime factors of 216570?
2, 3, 5, 7219
What are the prime factors of 29547?
3, 7, 67
List the prime factors of 432703.
103, 4201
What are the prime factors of 224415?
3, 5, 4987
List the prime factors of 295488.
2, 3, 19
List the prime factors of 961781.
43, 22367
What are the prime factors of 1004057?
1004057
List the prime factors of 151429.
151429
List the prime factors of 101879.
101879
What are the prime factors of 165461?
17, 9733
List the prime factors of 149446.
2, 11, 6793
What are the prime factors of 164945?
5, 11, 2999
List the prime factors of 9457359.
3, 3152453
List the prime factors of 3243303.
3, 7, 51481
List the prime factors of 224041.
224041
What are the prime factors of 56092?
2, 37, 379
What are the prime factors of 2713485